83
What are the prime factors of 1839458?
2, 919729
What are the prime factors of 2220823?
11, 201893
What are the prime factors of 2010463?
7, 13, 22093
List the prime factors of 786075.
3, 5, 47, 223
What are the prime factors of 4963075?
5, 13, 15271
List the prime factors of 537986.
2, 268993
What are the prime factors of 76559?
7, 10937
List the prime factors of 4000719.
3, 257, 5189
List the prime factors of 668659.
211, 3169
List the prime factors of 347461.
23, 15107
List the prime factors of 1137401.
239, 4759
List the prime factors of 14224366.
2, 13, 107, 5113
What are the prime factors of 1257512?
2, 157189
What are the prime factors of 19444652?
2, 47, 293, 353
List the prime factors of 667234.
2, 41, 79, 103
List the prime factors of 384407.
384407
List the prime factors of 1843096.
2, 230387
What are the prime factors of 225764?
2, 7, 11, 733
What are the prime factors of 536857?
536857
List the prime factors of 2022367.
23, 3823
What are the prime factors of 303387?
3, 7, 14447
What are the prime factors of 392896?
2, 7, 877
List the prime factors of 1075257.
3, 37, 3229
List the prime factors of 12880601.
41, 314161
List the prime factors of 1774068.
2, 3, 19, 31, 251
List the prime factors of 1032490.
2, 5, 223, 463
List the prime factors of 79533.
3, 8837
List the prime factors of 250978.
2, 7, 13, 197
List the prime factors of 282972.
2, 3, 23581
What are the prime factors of 802088?
2, 7, 14323
What are the prime factors of 7006030?
2, 5, 23, 83, 367
What are the prime factors of 325565?
5, 19, 23, 149
What are the prime factors of 242303?
337, 719
What are the prime factors of 284946?
2, 3, 47491
List the prime factors of 247374.
2, 3, 509
List the prime factors of 16724201.
13, 373, 3449
List the prime factors of 2473727.
79, 173, 181
List the prime factors of 7279432.
2, 19, 83, 577
List the prime factors of 1370292.
2, 3, 7, 11, 1483
What are the prime factors of 171212?
2, 23, 1861
List the prime factors of 115470.
2, 3, 5, 1283
List the prime factors of 29254377.
3, 9751459
What are the prime factors of 11609336?
2, 73, 103, 193
What are the prime factors of 589751?
589751
What are the prime factors of 1847654?
2, 709, 1303
List the prime factors of 1937094.
2, 3, 322849
What are the prime factors of 7711750?
2, 5, 109, 283
What are the prime factors of 158009?
158009
List the prime factors of 11080037.
433, 25589
List the prime factors of 591752.
2, 7, 10567
What are the prime factors of 624378?
2, 3, 19, 5477
What are the prime factors of 1240400?
2, 5, 7, 443
List the prime factors of 1650170.
2, 5, 47, 3511
What are the prime factors of 1343745?
3, 5, 13, 2297
What are the prime factors of 1020842?
2, 113, 4517
What are the prime factors of 43014?
2, 3, 67, 107
What are the prime factors of 25793177?
47, 548791
What are the prime factors of 525327?
3, 11, 15919
What are the prime factors of 7456614?
2, 3, 11, 112979
List the prime factors of 144373.
59, 2447
List the prime factors of 30299686.
2, 59, 461, 557
What are the prime factors of 73676?
2, 113, 163
What are the prime factors of 998735?
5, 19, 10513
List the prime factors of 3279829.
7, 103, 4549
List the prime factors of 163949.
67, 2447
What are the prime factors of 170491?
29, 5879
What are the prime factors of 183011?
23, 73, 109
List the prime factors of 3515205.
3, 5, 23, 443
List the prime factors of 3558377.
19, 9857
List the prime factors of 31178252.
2, 7, 1113509
What are the prime factors of 18272756?
2, 17, 19, 14143
List the prime factors of 552848.
2, 109, 317
List the prime factors of 504328.
2, 11, 521
What are the prime factors of 1469851?
1469851
What are the prime factors of 1956633?
3, 7, 23, 4051
What are the prime factors of 35449508?
2, 2383, 3719
What are the prime factors of 6882442?
2, 7, 70229
List the prime factors of 2043710.
2, 5, 204371
List the prime factors of 844736.
2, 67, 197
What are the prime factors of 25973371?
23, 37, 1327
List the prime factors of 241910.
2, 5, 17, 1423
What are the prime factors of 2559882?
2, 3, 13, 37, 887
List the prime factors of 5324182.
2, 73, 36467
What are the prime factors of 2034904?
2, 113, 2251
What are the prime factors of 1644950?
2, 5, 167, 197
What are the prime factors of 6418180?
2, 5, 17, 43, 439
What are the prime factors of 726373?
191, 3803
List the prime factors of 249842.
2, 53, 2357
List the prime factors of 1530749.
11, 31, 67
List the prime factors of 9676144.
2, 604759
What are the prime factors of 15483988?
2, 13, 191, 1559
List the prime factors of 10585792.
2, 7, 23629
List the prime factors of 8847096.
2, 3, 449, 821
What are the prime factors of 13374744?
2, 3, 557281
What are the prime factors of 79278?
2, 3, 73, 181
List the prime factors of 689339.
7, 19, 71, 73
What are the prime factors of 3362224?
2, 210139
List the prime factors of 5345702.
2, 31, 151, 571
List the prime factors of 661586.
2, 330793
What are the prime factors of 7800783?
3, 41, 63421
What are the prime factors of 4925042?
2, 757, 3253
What are the prime factors of 4226562?
2, 3, 234809
What are the prime factors of 380385?
3, 5, 79, 107
What are the prime factors of 33823083?
3, 7, 230089
What are the prime factors of 3691565?
5, 738313
List the prime factors of 4028739.
3, 11, 13, 9391
List the prime factors of 29841772.
2, 1117, 6679
List the prime factors of 3802077.
3, 422453
List the prime factors of 2040543.
3, 19, 11933
What are the prime factors of 216517?
7, 30931
What are the prime factors of 277427?
277427
What are the prime factors of 10227235?
5, 311, 6577
List the prime factors of 5208816.
2, 3, 108517
List the prime factors of 129081.
3, 17, 2531
What are the prime factors of 14273?
7, 2039
List the prime factors of 5325037.
5325037
List the prime factors of 2358518.
2, 1179259
List the prime factors of 5695039.
7, 813577
List the prime factors of 215633.
11, 19603
List the prime factors of 749334.
2, 3, 71, 1759
What are the prime factors of 23601539?
13, 43, 42221
List the prime factors of 360060.
2, 3, 5, 17, 353
List the prime factors of 1111264.
2, 7, 11, 41
List the prime factors of 25726.
2, 19, 677
List the prime factors of 3595366.
2, 401, 4483
List the prime factors of 658444.
2, 17, 23, 421
What are the prime factors of 3518794?
2, 1759397
List the prime factors of 18347.
7, 2621
What are the prime factors of 43865011?
251, 174761
What are the prime factors of 1476148?
2, 19, 19423
List the prime factors of 1480657.
421, 3517
What are the prime factors of 9183751?
127, 72313
List the prime factors of 710227.
7, 241, 421
List the prime factors of 193435.
5, 11, 3517
What are the prime factors of 13012374?
2, 3, 31, 69959
What are the prime factors of 209080?
2, 5, 5227
What are the prime factors of 305710?
2, 5, 19, 1609
List the prime factors of 664091.
664091
What are the prime factors of 121307?
29, 47, 89
What are the prime factors of 175129?
175129
What are the prime factors of 168341?
71, 2371
What are the prime factors of 6491202?
2, 3, 41, 26387
What are the prime factors of 7584104?
2, 11, 86183
What are the prime factors of 739909?
739909
List the prime factors of 55184.
2, 3449
What are the prime factors of 5881011?
3, 409, 4793
What are the prime factors of 48778?
2, 29
What are the prime factors of 34895?
5, 7, 997
List the prime factors of 569362.
2, 284681
What are the prime factors of 1229920?
2, 5, 7687
What are the prime factors of 375424?
2, 7, 419
List the prime factors of 1269018.
2, 3, 70501
List the prime factors of 4078221.
3, 7, 27743
List the prime factors of 9706678.
2, 271, 17909
List the prime factors of 102249.
3, 7, 541
List the prime factors of 7527776.
2, 235243
What are the prime factors of 56754?
2, 3, 1051
List the prime factors of 9458800.
2, 5, 13, 17, 107
List the prime factors of 74924.
2, 18731
List the prime factors of 7733632.
2, 31, 1949
What are the prime factors of 6862464?
2, 3, 7, 23, 37
List the prime factors of 406983.
3, 135661
List the prime factors of 203353.
203353
What are the prime factors of 29389183?
29389183
What are the prime factors of 11930447?
17, 701791
What are the prime factors of 39276263?
13, 73, 41387
What are the prime factors of 25626?
2, 3, 4271
List the prime factors of 571673.
571673
Lis